and h.
94
Let x be 3139 + ((-72)/324 - 50/18). Calculate the highest common divisor of x and 504.
56
Let s be (-6 - 4) + 5 + 12. Let h = -15 - -28. What is the highest common divisor of h and s?
1
Let w be 5 - (5 + -1) - (0 - 7). Let v(d) = 3*d**2 + d - 31. Let a be v(w). What is the greatest common divisor of 39 and a?
13
Suppose -15*i = -2634 - 2901. Let d be 5/30*-8*i/(-6). What is the greatest common factor of d and 2?
2
Let v(j) = 108*j + 9219. Let q be v(-50). What is the highest common factor of 513 and q?
57
Suppose 3*j + h - 553 = 3*h, j + 3*h - 199 = 0. Suppose 0 = 2*i - 2*o - 50, 443*i + 77 = 448*i + o. Calculate the highest common divisor of j and i.
17
Suppose -33*t - 1275 = 18*t. Suppose -4*j - 2*q + 135 = -147, 0 = -5*j - 3*q + 353. Let z = t + j. Calculate the highest common factor of 5 and z.
5
Let v(o) = -56*o - 15. Let p be v(-12). Let l = -202 + p. Suppose -2*b = -7*b + l. Calculate the greatest common divisor of b and 13.
13
Let w(h) = -3*h**3 - 6*h**2 - 26*h + 119. Let j be w(-14). What is the greatest common divisor of 63 and j?
21
Suppose 3*f - 11892 = -f. Suppose 2*l = 3*l - 3*o - 981, 3*l = -o + f. Suppose -l = -6*g + 3*g. What is the greatest common divisor of g and 30?
30
Suppose -g + 4*g - 1794 = -5*d, 2*g + 5*d = 1191. What is the highest common divisor of 72 and g?
9
Suppose -26*i + 504 = -8*i. Let a = -14 - -22. What is the greatest common divisor of i and a?
4
Let m be (-5310)/315*(-1 - 16) - (-9)/21. Calculate the greatest common factor of m and 82.
41
Suppose 4*b + 4*w - 32 = 3*b, 0 = 4*w - 20. Suppose -b*l + 123 = -153. Calculate the highest common factor of l and 437.
23
Let a be (-1 + (-5)/(-2))*(-1990)/(-597). Let p be (-5 - 310/(-15))/(a/15). What is the highest common factor of 2209 and p?
47
Let w(l) = 80*l**2 + 11*l - 3. Let x be w(1). Let y be (2*x)/(25/50). Calculate the highest common divisor of 44 and y.
44
Suppose 37*n = 7*n + 20203 + 78197. What is the highest common factor of n and 160?
80
Let d = 57 - 52. Let v be (-6)/5*d/(-2). Suppose 3*s + v*m = -0*m + 573, -5*s = -5*m - 965. Calculate the greatest common factor of 48 and s.
48
Suppose 24*m = -2*k + 636, k - 59 - 179 = -2*m. Calculate the greatest common factor of 1073 and k.
37
Let d(r) = r**2 + 3*r + 7. Let n = -15 + 29. Let l = -21 + n. Let t be d(l). What is the highest common factor of 5 and t?
5
Suppose -m + i + 9 = 0, -2*i - 506 = -4*m - 478. What is the highest common factor of m and 1?
1
Let d be 6/(-4)*1/(-1*11/4774). What is the highest common factor of d and 91?
7
Let f(t) be the second derivative of -t**3/6 + 21*t**2/2 + 18*t. Let w be f(12). Let r be 42/w*9/2 + -2. Calculate the highest common divisor of 19 and r.
19
Suppose -4*y - 3*j + 424 = 0, -6*y + 10*j + 636 = 11*j. What is the greatest common factor of y and 5141?
53
Let m be (-2 - (-10)/(-25))/(15/650). Let z be 2*42*1 + m/(-52). What is the greatest common divisor of z and 430?
86
Suppose -296362 = -689*m - 40743. What is the highest common factor of m and 4346?
53
Suppose 0 = -16*s + 4048 + 1584. Calculate the greatest common factor of s and 77.
11
Suppose -13 + 1 = 3*i. Let p(a) = -45*a**2 - 42*a**2 - 4 + 6*a + 90*a**2. Let f be p(i). What is the highest common factor of 200 and f?
20
Let s = -30757 - -32066. What is the highest common divisor of 527 and s?
17
Let s be -1 + (516/14 - (-7)/49). Let h be 21 - 6/(-4)*2/(-1). Calculate the highest common divisor of s and h.
18
Suppose -94*z + 911537 = 79*z. Calculate the greatest common factor of z and 11.
11
Let c = 283 - 179. Suppose 4*v - 4*u - c = 0, 4*v - 7*u + 6*u = 95. Calculate the highest common divisor of 23 and v.
23
Let m be (-1858)/(-20)*(9 + -5) - 12/(-30). Calculate the greatest common divisor of m and 992.
124
Suppose -2470*w + 182 - 65 = -2431*w. Calculate the highest common factor of w and 1881.
3
Suppose -4*g - k - 446 = -831, -g = 3*k - 99. What is the highest common divisor of 126 and g?
6
Suppose -52*h = -118*h + 45738. What is the highest common divisor of h and 1827?
63
Let j(g) = -10*g - 4. Let c be j(-4). Suppose 1953 = 11*k + 50. Let n = -125 + k. Calculate the highest common factor of n and c.
12
Suppose 309*b = 170*b - 70*b - 719*b + 48256. Suppose 354 + 322 = 4*s. What is the highest common divisor of s and b?
13
Let z(q) = 16 + 52*q + 17 - 63*q. Let n be z(-5). What is the highest common factor of n and 396?
44
Suppose 46*x - 47*x = -5. Suppose -x*o + 302 = -0*o - i, -o - i = -58. Calculate the highest common divisor of o and 12.
12
Let j = 81 + -85. Let q be (-2)/((-3)/(-714)*j). Let s be (-102)/(-4)*(-4)/(-6). What is the greatest common divisor of s and q?
17
Suppose -3*p - 140 = -4*a - 522, 3*p = 3*a + 381. Suppose -2*j + 218 = 4*i, -2*j - 97 + 261 = 3*i. Calculate the highest common factor of i and p.
18
Suppose -4*s - 2*r = -78 + 80, 4*s + 4*r = -16. What is the greatest common factor of s and 768?
3
Suppose -7*c + 22*c = 3465. Suppose 0 = 7*v + v - 168. Calculate the highest common factor of c and v.
21
Suppose -26 + 236 = 3*l. Suppose -3*o + 5 = -0*o - 5*r, 2*o - 5*r = 0. Let t be 15/3 - o/(-1). Calculate the highest common factor of t and l.
10
Let m be (-6)/(42/49) - -136. Let h = -17 + m. Calculate the highest common divisor of h and 16.
16
Suppose 8*w = 5*w + 90. Suppose -12 + 2 = 5*f, 3*p - 3*f - w = 0. Suppose 0 = 2*x - 4*x + p. Calculate the greatest common divisor of 6 and x.
2
Let q(o) = 183*o**2 + 94*o - 839. Let k be q(9). What is the greatest common factor of 5 and k?
5
Let m be 6/(-4) - (-945)/6. Let r = m + -103. Let h = r + -48. Calculate the greatest common factor of h and 15.
5
Let o be (11*4/(-6))/(234/(-5265)). What is the highest common factor of 4455 and o?
165
Let r = 120 - 75. Let d = -22595 + 22760. Calculate the highest common divisor of r and d.
15
Suppose -3*f + 1799 = 2*g - 4*f, 2*f + 1796 = 2*g. Let j(a) = -a**3 + 29*a**2 + 722*a - 37. Let p be j(45). What is the highest common factor of g and p?
53
Suppose 430 = -1487*m + 1492*m. What is the greatest common divisor of m and 4?
2
Let j = 392 - 273. Suppose -3*i = w - j, 0*w + 2*w - 246 = -2*i. What is the greatest common divisor of 75 and w?
25
Let p be ((-168)/(-140))/((-3)/(-440)). What is the greatest common factor of 792 and p?
88
Let a = -8 - -34. Let x = 5638 - 5456. Calculate the greatest common divisor of a and x.
26
Let s(n) = 8*n**2 + 2*n - 27. Let w be s(-10). Let t = -641 + w. Calculate the highest common factor of t and 63.
7
Let a = -4009 + 4006. Let r = -15 + 39. Let h be (a + 0)/(18/r) - -35. What is the highest common divisor of 31 and h?
31
Let i = 3692 + -3687. What is the highest common factor of i and 6?
1
Let r = 28 - 30. Let o be (-2)/r*-1 + 5. Suppose -30 = -o*q - 0*z + 3*z, -3*q + 5*z = -17. What is the greatest common divisor of q and 1?
1
Let j(v) = -2*v**2 + 36*v + 80. Let o be j(19). Calculate the greatest common divisor of o and 1806.
42
Suppose 0 = 2*o - i - 17, -o - i - 1 = -5. Suppose -4542*n + 42 = -4536*n. What is the highest common divisor of n and o?
7
Let m = -31 - -268. Let q = -230 + m. What is the highest common factor of q and 217?
7
Suppose -3*t - 1041 = -951. Let h be (2 - t)*23/4. What is the highest common factor of 23 and h?
23
Suppose 6*b - 1914 = -54*b + 1926. Suppose -6*i + i - 300 = -s, -3*s - 3*i + 972 = 0. Calculate the highest common factor of s and b.
64
Let o be (2/4)/((40 + -33)/9758). Calculate the highest common factor of 136 and o.
17
Let q(w) = 809*w + 32. Let z be q(1). Calculate the highest common divisor of 232 and z.
29
Suppose 0 = -2*h - 5*t + 19306, 2*t - 37848 = -4*h + 780. Calculate the highest common factor of 22 and h.
22
Let k(q) = -10*q + 471. Let r be k(21). What is the highest common divisor of 232 and r?
29
Suppose 4*z + 16 = 28. Let w be (12/16)/(z/20). Suppose -195 = -0*y - w*y. Calculate the greatest common divisor of y and 13.
13
Let a(v) = -4*v**3 + 3*v**2 - 12. Let y be a(6). Let g be ((-15)/(180/y))/((-4)/(-34)). What is the highest common divisor of g and 68?
68
Let n(k) = 94*k - 75. Let z be n(7). Suppose -2*j = j - 21. Let t be j/(-7)*(-52 + -1). What is the greatest common factor of t and z?
53
Let f be (2/(-12)*-18)/((-3)/(-2443)) - -8. Calculate the highest common divisor of f and 114.
57
Let c(r) = -115*r**2 +